lse
Is 27825172 a multiple of 261?
False
Is 389978674 a multiple of 3827?
False
Does 714 divide 12008766?
True
Is 411 a factor of 8550444?
True
Is 1461 a factor of 12857696?
False
Is 17514845 a multiple of 14?
False
Is 46 a factor of 2545891306?
False
Does 17 divide 364545677?
False
Is 59 a factor of 100477118?
True
Does 59 divide 472090624?
True
Is 1791 a factor of 179937056?
False
Is 41346045 a multiple of 65?
True
Is 11 a factor of 1078484?
True
Is 918939222 a multiple of 4763?
False
Does 482 divide 605359706?
True
Is 1150 a factor of 62541821?
False
Is 199 a factor of 45474192?
False
Is 34770660 a multiple of 6?
True
Is 6 a factor of 73876872?
True
Is 858 a factor of 123827418?
True
Is 28 a factor of 92274937?
False
Does 11 divide 597810070?
True
Is 1156164 a multiple of 852?
True
Is 34256210 a multiple of 1453?
False
Is 1748 a factor of 93523244?
True
Is 2117 a factor of 144673663?
True
Is 130 a factor of 3571108580?
True
Is 3160 a factor of 494356720?
True
Is 624796027 a multiple of 491?
True
Is 2860 a factor of 42013400?
True
Does 112 divide 32268208?
True
Is 143680744 a multiple of 15?
False
Does 16 divide 26266004?
False
Is 35 a factor of 61393430?
True
Is 142664730 a multiple of 114?
True
Does 9005 divide 4369045900?
True
Is 18207224 a multiple of 4?
True
Is 704 a factor of 416768?
True
Is 4761488928 a multiple of 204?
True
Is 6 a factor of 1423006830?
True
Is 343396217 a multiple of 3537?
False
Is 4 a factor of 1082156?
True
Is 3 a factor of 142143650?
False
Does 30 divide 1700767?
False
Does 12 divide 41333196?
True
Is 1021521809 a multiple of 63?
False
Is 21621752 a multiple of 175?
False
Is 46 a factor of 10020300?
False
Is 9 a factor of 6289128?
True
Is 204 a factor of 842700385?
False
Does 20 divide 153728080?
True
Does 712 divide 56140488?
True
Is 521 a factor of 1346033197?
True
Is 125872470 a multiple of 18?
True
Does 250 divide 2383611750?
True
Is 1242 a factor of 163249390?
False
Is 24539324 a multiple of 326?
True
Is 33 a factor of 336854495?
False
Is 854 a factor of 99022256?
False
Is 37864407 a multiple of 25?
False
Is 835 a factor of 4615045?
True
Is 746 a factor of 60321119?
False
Is 394 a factor of 56215132?
True
Is 653773114 a multiple of 446?
True
Does 313 divide 519055733?
False
Is 702 a factor of 100544652?
True
Does 439 divide 42310416?
False
Does 24 divide 118786920?
True
Is 2409 a factor of 99780780?
True
Is 308701100 a multiple of 696?
False
Is 17550555 a multiple of 55?
True
Is 27919944 a multiple of 61?
True
Is 33 a factor of 19836080?
False
Is 193 a factor of 49876165?
False
Is 20704793 a multiple of 37?
True
Is 15374850 a multiple of 150?
True
Is 1069867719 a multiple of 156?
False
Is 28 a factor of 586824392?
True
Is 30742785 a multiple of 95?
False
Is 177390559 a multiple of 33?
False
Is 19 a factor of 9989394?
False
Does 237 divide 1459523499?
True
Does 33 divide 473037973?
False
Is 521996528 a multiple of 16?
True
Is 1121428675 a multiple of 24?
False
Is 181 a factor of 528058473?
False
Does 722 divide 336046236?
True
Does 148 divide 15063588?
True
Is 23 a factor of 152021904?
True
Is 506065347 a multiple of 22?
False
Is 406921320 a multiple of 39?
True
Is 512 a factor of 41453284?
False
Does 8334 divide 3212131950?
True
Is 25239240 a multiple of 312?
True
Is 1003 a factor of 19171342?
True
Is 125 a factor of 1240750?
True
Is 259696710 a multiple of 37?
True
Is 10054800 a multiple of 42?
True
Is 732 a factor of 519575064?
True
Is 141 a factor of 390572428?
False
Is 4 a factor of 140381233?
False
Does 61 divide 39259618?
False
Does 48 divide 445043486?
False
Is 71509779 a multiple of 443?
False
Is 102 a factor of 45662748?
True
Does 58 divide 272095980?
True
Is 36250100 a multiple of 10?
True
Is 1699 a factor of 14318672?
False
Is 141 a factor of 107033382?
True
Is 266861398 a multiple of 36?
False
Is 4 a factor of 678521?
False
Does 23 divide 87800741?
False
Does 10 divide 8657205?
False
Is 791 a factor of 6475504?
False
Is 6 a factor of 10093195?
False
Is 62976009 a multiple of 22?
False
Is 17 a factor of 150882129?
False
Is 56 a factor of 248125042?
False
Is 3 a factor of 4869258?
True
Does 265 divide 41986335?
True
Does 1158 divide 1978996032?
False
Is 23 a factor of 396190940?
False
Is 555824981 a multiple of 149?
True
Is 180037806 a multiple of 533?
True
Is 75 a factor of 249527325?
True
Does 90 divide 15740751?
False
Is 23181325 a multiple of 263?
False
Does 1259 divide 113264676?
True
Does 1519 divide 14922656?
True
Is 19288949 a multiple of 3?
False
Does 4 divide 29226681?
False
Is 187704675 a multiple of 29?
True
Does 3583 divide 210239691?
True
Does 612 divide 443350204?
False
Does 1482 divide 29471938?
False
Does 16 divide 22744176?
True
Does 28 divide 86155160?
True
Is 494950570 a multiple of 18?
False
Is 712480189 a multiple of 146?
False
Is 170040683 a multiple of 241?
True
Is 642 a factor of 92811372?
True
Does 15 divide 663039607?
False
Is 60 a factor of 5982838?
False
Is 171508328 a multiple of 16?
False
Does 5 divide 36495733?
False
Does 10170 divide 3030659549?
False
Is 14 a factor of 22878495?
False
Is 350533164 a multiple of 4054?
True
Does 21 divide 355759386?
False
Is 302717844 a multiple of 3861?
True
Is 699818925 a multiple of 2109?
True
Is 3532567647 a multiple of 18?
False
Does 3767 divide 2534987582?
True
Is 8 a factor of 47495760?
True
Is 1173574672 a multiple of 4976?
True
Is 27 a factor of 211914776?
False
Is 1571216020 a multiple of 277?
True
Is 3272973145 a multiple of 7045?
True
Is 29766996 a multiple of 798?
True
Does 5 divide 6112778?
False
Is 37 a factor of 91520203?
True
Is 33 a factor of 1560340287?
True
Does 1244 divide 3808803316?
True
Is 20686550 a multiple of 176?
False
Is 4042488 a multiple of 778?
True
Is 34835740 a multiple of 27?
False
Does 799 divide 22462287?
True
Is 685683712 a multiple of 1076?
False
Is 17198610 a multiple of 1055?
True
Is 187 a factor of 33218844?
False
Is 5099975670 a multiple of 498?
True
Is 702 a factor of 171070502?
False
Is 20 a factor of 116773440?
True
Is 20 a factor of 12402113?
False
Is 30 a factor of 287773440?
True
Is 137050368 a multiple of 962?
True
Does 22 divide 53316066?
False
Is 22561794 a multiple of 27?
True
Is 422 a factor of 189992418?
True
Does 8 divide 1228992?
True
Is 49771531 a multiple of 15368?
False
Does 1672 divide 308967208?
True
Is 291518553 a multiple of 761?
True
Is 2643 a factor of 22266253?
False
Does 82 divide 37829634?
True
Does 55 divide 14025770?
True
Is 243603367 a multiple of 210?
False
Does 14 divide 1059938717?
False
Is 2789747540 a multiple of 1294?
True
Is 826722818 a multiple of 24?
False
Does 61 divide 873322848?
True
Is 207274755 a multiple of 6?
False
Is 24590160 a multiple of 816?
True
Does 3 divide 1469005521?
True
Is 1037 a factor of 936382635?
False
Does 2660 divide 406418740?
True
Is 79 a factor of 5630852967?
False
Is 22484780 a multiple of 5?
True
Is 677 a factor of 9116484?
False
Is 521708460 a multiple of 3666?
True
Is 9141249 even?
False
Is 194727074 a multiple of 47?
False
Does 57 divide 18981285?
True
Is 44078536 a multiple of 11?
False
Is 30026163 a multiple of 2079?
False
Is 99 a factor of 959428602?
True
Is 2516 a factor of 3053641524?
True
Is 130 a factor of 140172091?
False
Does 113 divide 1864265699?
False
Does 50 divide 35785950?
True
Is 6 a factor of 9038638?
False
Does 3 divide 62185194?
True
Is 1966685424 a multiple of 982?
False
Is 199841410 a multiple of 653?
False
Does 1665 divide 21688397?
False
Does 3 divide 52751796?
True
Does 22 divide 210767788?
True
Does 675 divide 373611825?
True
Does 72 divide 24846319?
False
Does 832 divide 80080758?
False
Does 112 divide 110116419?
False
Does 267 divide 13248988?
False
Is 8373 a factor of 2439063263?
False
Is 10 a factor of 602988684?
False
Is 56633553 a multiple of 247?
False
Is 779 a factor of 67108131?
False
Does 23 divide 10133963?
False
Does 4684 divide 409742268?
True
Does 3341 divide 891258524?
True
Is 11652284 a multiple of 18?
False
Does 397 divide 118291708?
True
Is 6535 a factor of 490734701?
False
Is 25328268 a multiple of 12?
True
Is 474703262 a multiple of 4191?
False
Is 1889 a factor of 738769010?
True
Does 327 divide 1388243631?
False
Is 106 a factor of 111824806?
True
Does 5 divide 16078367?
Fals